{"id":2009,"date":"2020-11-03T16:29:13","date_gmt":"2020-11-03T16:29:13","guid":{"rendered":"http:\/\/www.redactor.cat\/?page_id=2009\/"},"modified":"2020-11-03T16:29:17","modified_gmt":"2020-11-03T16:29:17","slug":"quienes-somos","status":"publish","type":"page","link":"http:\/\/www.redactor.cat\/es\/quienes-somos\/","title":{"rendered":"\u00bfQui\u00e9nes somos?"},"content":{"rendered":"\n<div class=\"wp-block-columns\">\n<div class=\"wp-block-column\">\n<p>Somos una agencia de comunicaci\u00f3n especializada en <strong>redacci\u00f3n de contenidos<\/strong> para particulares y empresas desde el a\u00f1o 2007.<br><br>Contamos con un <strong>equipo de redacci\u00f3n<\/strong> liderado por <a href=\"http:\/\/www.joseplluissilvatobella.com\/\" target=\"_blank\" rel=\"noreferrer noopener\">Josep Llu\u00eds Silva Tobella<\/a>, periodista especializado en tecnolog\u00edas de la informaci\u00f3n (TI) e informaci\u00f3n para empresas.<br><br>Ofrecemos<strong> servicios de redacci\u00f3n<\/strong> SEO, redacci\u00f3n period\u00edstica, correcci\u00f3n, traducci\u00f3n y transcripci\u00f3n.<br><br>Si est\u00e1s interesado en que redactamos los textos para ti o tu empresa, <a href=\"https:\/\/www.redactor.cat\/es\/contacto\/\">contacta<\/a> con nosotros.<\/p>\n<\/div>\n\n\n\n<div class=\"wp-block-column\">\n<figure class=\"wp-block-image size-large\"><img loading=\"lazy\" width=\"1024\" height=\"683\" src=\"http:\/\/www.redactor.cat\/wp-content\/uploads\/redaccio--1024x683.jpg\" alt=\"port\u00e0til\" class=\"wp-image-2005\" srcset=\"http:\/\/www.redactor.cat\/wp-content\/uploads\/redaccio--1024x683.jpg 1024w, http:\/\/www.redactor.cat\/wp-content\/uploads\/redaccio--300x200.jpg 300w, http:\/\/www.redactor.cat\/wp-content\/uploads\/redaccio--768x512.jpg 768w, http:\/\/www.redactor.cat\/wp-content\/uploads\/redaccio--1536x1024.jpg 1536w, http:\/\/www.redactor.cat\/wp-content\/uploads\/redaccio--100x67.jpg 100w, http:\/\/www.redactor.cat\/wp-content\/uploads\/redaccio-.jpg 1920w\" sizes=\"(max-width: 1024px) 100vw, 1024px\" \/><\/figure>\n<\/div>\n<\/div>\n","protected":false},"excerpt":{"rendered":"<p>Somos una agencia de comunicaci\u00f3n especializada en redacci\u00f3n de contenidos para particulares y empresas desde el a\u00f1o 2007. Contamos con un equipo de redacci\u00f3n liderado por Josep Llu\u00eds Silva Tobella, periodista especializado en tecnolog\u00edas de la informaci\u00f3n (TI) e informaci\u00f3n para empresas. Ofrecemos servicios de redacci\u00f3n SEO, redacci\u00f3n period\u00edstica, correcci\u00f3n, traducci\u00f3n y transcripci\u00f3n. Si est\u00e1s&hellip;&nbsp;<a href=\"http:\/\/www.redactor.cat\/es\/quienes-somos\/\" class=\"\" rel=\"bookmark\">Leer m\u00e1s &raquo;<span class=\"screen-reader-text\">\u00bfQui\u00e9nes somos?<\/span><\/a><\/p>\n","protected":false},"author":1,"featured_media":0,"parent":0,"menu_order":0,"comment_status":"open","ping_status":"closed","template":"","meta":{"neve_meta_sidebar":"","neve_meta_container":"","neve_meta_enable_content_width":"","neve_meta_content_width":0,"neve_meta_title_alignment":"","neve_meta_author_avatar":"","neve_post_elements_order":"","neve_meta_disable_header":"","neve_meta_disable_footer":"","neve_meta_disable_title":""},"featured_image_urls":{"full":"","thumbnail":"","medium":"","medium_large":"","large":"","1536x1536":"","2048x2048":"","neve-blog":""},"post_excerpt_stackable":"<p>Somos una agencia de comunicaci\u00f3n especializada en redacci\u00f3n de contenidos para particulares y empresas desde el a\u00f1o 2007.Contamos con un equipo de redacci\u00f3n liderado por Josep Llu\u00eds Silva Tobella, periodista especializado en tecnolog\u00edas de la informaci\u00f3n (TI) e informaci\u00f3n para empresas.Ofrecemos servicios de redacci\u00f3n SEO, redacci\u00f3n period\u00edstica, correcci\u00f3n, traducci\u00f3n y transcripci\u00f3n.Si est\u00e1s interesado en que redactamos los textos para ti o tu empresa, contacta con nosotros.<\/p>\n","category_list":"","author_info":{"name":"Josep Llu\u00eds Silva Tobella","url":"http:\/\/www.redactor.cat\/es\/author\/moon\/"},"comments_num":"0 comentarios","_links":{"self":[{"href":"http:\/\/www.redactor.cat\/es\/wp-json\/wp\/v2\/pages\/2009"}],"collection":[{"href":"http:\/\/www.redactor.cat\/es\/wp-json\/wp\/v2\/pages"}],"about":[{"href":"http:\/\/www.redactor.cat\/es\/wp-json\/wp\/v2\/types\/page"}],"author":[{"embeddable":true,"href":"http:\/\/www.redactor.cat\/es\/wp-json\/wp\/v2\/users\/1"}],"replies":[{"embeddable":true,"href":"http:\/\/www.redactor.cat\/es\/wp-json\/wp\/v2\/comments?post=2009"}],"version-history":[{"count":1,"href":"http:\/\/www.redactor.cat\/es\/wp-json\/wp\/v2\/pages\/2009\/revisions"}],"predecessor-version":[{"id":2011,"href":"http:\/\/www.redactor.cat\/es\/wp-json\/wp\/v2\/pages\/2009\/revisions\/2011"}],"wp:attachment":[{"href":"http:\/\/www.redactor.cat\/es\/wp-json\/wp\/v2\/media?parent=2009"}],"curies":[{"name":"wp","href":"https:\/\/api.w.org\/{rel}","templated":true}]}}

¿Quiénes somos?

<div class="wp-block-columns">
<div class="wp-block-column">
<p>Somos una agencia de comunicación especializada en <strong>redacción de contenidos</strong> para particulares y empresas desde el año 2007.<br><br>Contamos con un <strong>equipo de redacción</strong> liderado por <a href="http://www.joseplluissilvatobella.com/" target="_blank" rel="noreferrer noopener">Josep Lluís Silva Tobella</a>, periodista especializado en tecnologías de la información (TI) e información para empresas.<br><br>Ofrecemos<strong> servicios de redacción</strong> SEO, redacción periodística, corrección, traducción y transcripción.<br><br>Si estás interesado en que redactamos los textos para ti o tu empresa, <a href="https://www.redactor.cat/es/contacto/">contacta</a> con nosotros.</p>
</div>



<div class="wp-block-column">
<figure class="wp-block-image size-large"><img loading="lazy" width="1024" height="683" src="http://www.redactor.cat/wp-content/uploads/redaccio--1024x683.jpg" alt="portàtil" class="wp-image-2005" srcset="http://www.redactor.cat/wp-content/uploads/redaccio--1024x683.jpg 1024w, http://www.redactor.cat/wp-content/uploads/redaccio--300x200.jpg 300w, http://www.redactor.cat/wp-content/uploads/redaccio--768x512.jpg 768w, http://www.redactor.cat/wp-content/uploads/redaccio--1536x1024.jpg 1536w, http://www.redactor.cat/wp-content/uploads/redaccio--100x67.jpg 100w, http://www.redactor.cat/wp-content/uploads/redaccio-.jpg 1920w" sizes="(max-width: 1024px) 100vw, 1024px" /></figure>
</div>
</div>

<p>Somos una agencia de comunicación especializada en redacción de contenidos para particulares y empresas desde el año 2007. Contamos con un equipo de redacción liderado por Josep Lluís Silva Tobella, periodista especializado en tecnologías de la información (TI) e información para empresas. Ofrecemos servicios de redacción SEO, redacción periodística, corrección, traducción y transcripción. Si estás&hellip;&nbsp;<a href="http://www.redactor.cat/es/quienes-somos/" class="" rel="bookmark">Leer más &raquo;<span class="screen-reader-text">¿Quiénes somos?</span></a></p>

<p>Somos una agencia de comunicación especializada en redacción de contenidos para particulares y empresas desde el año 2007.Contamos con un equipo de redacción liderado por Josep Lluís Silva Tobella, periodista especializado en tecnologías de la información (TI) e información para empresas.Ofrecemos servicios de redacción SEO, redacción periodística, corrección, traducción y transcripción.Si estás interesado en que redactamos los textos para ti o tu empresa, contacta con nosotros.</p>

Josep Lluís Silva Tobella
